e 23850 = 5*a + 5*b, -3*a + a + 4*b + 9504 = 0. What is the thousands digit of a?
4
Let f(d) = -d**3 - 2*d**2 + d + 9. Let a(k) = 2*k - 13. Let p be a(5). Let x be f(p). Suppose x = -w + 63. What is the tens digit of w?
4
Let q be (-3 + 2 - -530) + 1. Let h = -36 + q. What is the hundreds digit of h?
4
Let w(f) = -f**3 + 3*f**2 + 40*f + 10. Let d be w(8). Suppose 7*n + 1491 = d*n. What is the tens digit of n?
9
Suppose -5*x - o + 15014 = -14414, -3*x = 9*o - 17640. What is the units digit of x?
6
Let j = 4450 + 11473. What is the units digit of j?
3
Suppose 5 = 5*c - 3*t + 7*t, 4*c + 22 = 2*t. Let m be (2/c - 11/11)*-30. What is the units digit of (m/6)/((-22)/(-264))?
0
Let g(y) = -20*y - 158. Let c = 901 + -936. What is the units digit of g(c)?
2
Let v(i) = 57*i**3 + 3*i**2 - 12*i + 10. Let o be v(1). Let q = 218 - o. What is the tens digit of q?
6
Suppose 114 = -10*x + 64. What is the hundreds digit of x - 1 - -6 - -620?
6
Suppose -3*s - 5*k + 20362 = 0, 6*k + 33922 = 5*s + 7*k. What is the units digit of s?
4
Suppose -28*z + 4 = -26*z. Suppose -p - h = -629, z*p - 1255 = h + 12. What is the units digit of p?
2
What is the thousands digit of (-41639)/(-10) - (-14 - 2780/(-200))?
4
Let h be (-3)/9 + ((-292360)/(-15))/8. Suppose m - 4 = -m, 0 = -4*u - 2*m + h. What is the units digit of u?
8
Suppose -4*s - 338 = 2*j - 2330, 4995 = 5*j - 5*s. What is the hundreds digit of j?
9
Let m(t) = t + 1. Let z(d) = 14*d + 22. Let n(p) = 12*m(p) - z(p). Let i be n(0). What is the units digit of (4 + i)/((-9)/12)?
8
Suppose 2*v - 31 = -285. Let n = -57 - v. Suppose 3*r - 212 = -5*q, -n = -2*q - r + 15. What is the tens digit of q?
4
Suppose 5*g + 907 = -4*t, -5*g - 82 - 819 = 2*t. Let p = g - -635. What is the tens digit of p?
5
Let o(s) = s**2 - 4*s. Suppose -5*g + 5*q = -45, -5*q - 12 = 2*g - q. Let n be o(g). Suppose n = -3*j - 9, -j + 175 = 3*y - 143. What is the units digit of y?
7
Let d = 10 + -10. Let f(k) = k**3 + k**2 - 5. Let h be f(d). What is the tens digit of h/10 + (1650/(-4))/(-5)?
8
Let b(w) = w**2 - 2*w + 30. Let q be b(9). Suppose 24*a + 22011 = q*a. What is the tens digit of a?
1
Let n(m) = -m**3 - 16*m**2 + 130*m + 77. What is the thousands digit of n(-38)?
6
Let w(l) = l + 7. Let t be w(-3). Suppose -3*f = 5*p - 892, t*f + 3*p - 125 = 1068. What is the units digit of f?
9
Suppose 0*o + 2*o + 72 = 0. Let h = -9 - o. Let t = h - -64. What is the units digit of t?
1
What is the units digit of ((-9)/(-6))/1 + 17180/40?
1
Let m be ((-3)/(-4))/((-3)/(-12)). Suppose 0 = -2*q + q + m. Suppose 6 = q*c, -2*g - 23 = -3*g + 4*c. What is the tens digit of g?
3
Let n be (-2 - 2)*(-7)/7. Suppose -2*i - n*i = 0. Suppose 41 = t - i*t. What is the units digit of t?
1
Suppose -91367 = 9*f - 296414. What is the tens digit of f?
8
Let m be 2976 - 1/(-2)*(-60)/10. Suppose 16*c - m = -573. What is the hundreds digit of c?
1
Let u(d) = 10*d + 45 + 0*d + 18*d - 136. What is the units digit of u(4)?
1
Let c = -83 + 79. Let j(a) = -7*a**2 + 18*a + 12. Let d(g) = -14*g**2 + 35*g + 23. Let b(q) = c*d(q) + 7*j(q). What is the units digit of b(6)?
0
Let g(p) = 108*p**2 + 47*p - 86. What is the tens digit of g(12)?
3
Suppose 19163 + 30902 = 10*c + 5*s, 3*c = -s + 15018. What is the units digit of c?
5
Suppose 2*r - 30 = -28. What is the tens digit of 64/(r/(-5) + (-42)/(-35))?
6
Suppose -4*m + 7*m + 130 = 5*w, -w + 26 = -4*m. Suppose 1087 + 759 = w*z. What is the units digit of z?
1
Suppose 34747*w - 1454507 = 34710*w. What is the units digit of w?
1
Let h = 39 - 27. Let l(w) = 13*w - 39*w**2 + 38*w**2 + 0 - 3. What is the units digit of l(h)?
9
Suppose 15*d + 113292 = 33*d. What is the units digit of d?
4
Suppose 0 = 2*j + p + 92, -3*p + 2*p + 223 = -5*j. Let b be ((-1275)/j)/(1/6). Suppose 0 = 3*t - b - 127. What is the tens digit of t?
9
Let p = 358 - -708. What is the hundreds digit of p?
0
Let m(d) = d**2 + 4*d - 28. Let l be m(-8). Suppose -u - 5*i + 189 = 0, 6 = 2*i - l*i. What is the tens digit of u?
0
Let r(t) = 5*t**2 - t - 3. Let o be r(2). Suppose 0 = -5*g + o*g - 8440. Suppose -3*l + g = 229. What is the hundreds digit of l?
2
Let w(r) = -79 - 6 + 8 + 26*r. What is the units digit of w(11)?
9
Suppose -31714 = -5*c - 3*t, -4*c + 23583 + 1783 = 5*t. What is the units digit of c?
4
Let h = 16 - 9. Suppose -h = -5*z - 17. What is the units digit of z/8 - (-1071)/12?
9
Let z = 2327 - 1613. Let i = -429 + z. What is the units digit of i?
5
Suppose -5*g - 3*k = -28917, -61*g = -64*g - k + 17351. What is the thousands digit of g?
5
Let s = -24 - -24. Suppose -5*l + 28 = 2*f, s = 4*f - 3*l - 11 - 45. Let h(n) = n**3 - 11*n**2 - 25*n - 18. What is the hundreds digit of h(f)?
2
Let b(s) = s**3 - 15*s**2 - 18*s + 37. Let d be b(16). Suppose 71 = -5*w + 2*g + 1643, d*g = w - 296. What is the tens digit of w?
1
Let w(g) = 5*g**2 - 9*g + 2. Let d be w(2). Suppose -3*j + 401 = 2*r - 210, d*r = 4*j + 1252. What is the units digit of r?
0
Let a = 16 - 32. Let m = 18 + a. Suppose -j + 6*i = 4*i - 69, -m*i - 4 = 0. What is the tens digit of j?
6
Suppose 41*v - 627111 + 8887 = 580698. What is the units digit of v?
2
Suppose -5*p = 18*p - 69. Let y(o) = 293*o - 64. What is the hundreds digit of y(p)?
8
Suppose -4*x + 20 = 4*a, 0*x = -5*a - x + 17. Suppose 247 + 164 = a*b + 2*j, -5*b + 3*j + 704 = 0. Suppose b = -7*k + 405. What is the units digit of k?
8
Suppose 0 = -36*x + 131837 + 134599. What is the thousands digit of x?
7
Let h(g) = -3*g**2 + 7*g + 20. Let w be 16/6*(-3 + 27/6). Let z(b) = b**2 + b + 1. Let s(p) = w*z(p) + h(p). What is the tens digit of s(-14)?
6
Suppose -2 = n - 3*d, 0 = 3*n - d - 10. What is the units digit of (-10)/(-80)*20*n*86?
0
Suppose -14*u = -37*u + 184. Suppose 0 = 4*f - u, -23*n = -24*n + f + 146. What is the tens digit of n?
4
Let f be ((-1)/1)/(8/120*-5). What is the units digit of f/2 + 223223/182?
8
Suppose w - f = 2*f + 150, 2*w - 299 = 5*f. Suppose w*z + a = 144*z + 3598, z = -2*a + 1196. What is the tens digit of z?
0
Let m = 82794 + -45327. What is the hundreds digit of m?
4
Suppose 0 = 30*d - 31*d + 20. Let r(z) = -z**3 + 20*z**2 + 2. What is the units digit of r(d)?
2
Let r(h) = 71*h**2 + 310*h - 5153. What is the thousands digit of r(16)?
7
What is the units digit of 7 - 664/88 - -15874*(-4)/(-88)?
1
Suppose -36*o + 37*o = 3*s - 23271, -s = 2*o - 7757. What is the thousands digit of s?
7
Let c be 3 + -27799 + -5 + 4. Let j be c/(-76) + (-2)/(-8). Suppose -12*l + j = -6*l. What is the tens digit of l?
6
Suppose -2*q - 4 = -4*q, -2*q + 3069 = 5*g. Let l = g - 562. What is the tens digit of l?
5
Suppose 34*x = 38*x + 128. Let b be (2 - 1)/((0 + 4)/x). What is the units digit of (6 + 6)*(-18)/b?
7
Let d(s) = 260 - 32*s + 13*s + 16*s + 10*s. What is the hundreds digit of d(0)?
2
Suppose -4*r - 2*h + 20406 = 0, -4*h = -259*r + 258*r + 5124. What is the thousands digit of r?
5
Suppose -56 = -8*a - 0. Suppose -w + 380 = -5*l, -18 - a = 5*l. What is the hundreds digit of w?
3
Suppose c = -4*p + 41942, 14*p - 10484 = 13*p - c. Suppose -252*l = -266*l + p. What is the hundreds digit of l?
7
Let v(w) = w**2 - 7*w + 34. Suppose 0 = 17*h - 13*h - 44. Let g be v(h). Let p = g + -61. What is the tens digit of p?
1
Let w(n) be the second derivative of -n**3/2 + 13*n**2/2 - 4*n - 8. What is the units digit of w(-3)?
2
What is the hundreds digit of (-172 + 586)*(-28)/(-3)?
8
Suppose 4*q + 434 = -2*j + 4*j, 202 = -2*q - 4*j. Let o(z) = -7*z**2 - 7*z - 13. Let g be o(-7). Let y = q - g. What is the units digit of y?
0
Let q(y) = -1497*y**3 + 35*y**2 + 70*y - 4. What is the thousands digit of q(-2)?
1
Let s = -15 - -17. Let j be 2 - (-10)/s - 3. Suppose -j*u = -3*k + 301, -2*u + 3*u - 395 = -4*k. What is the units digit of k?
9
What is the units digit of -2 + 7 - (-12 - (-4 - 10)) - -5325?
8
Let i(d) = -7*d**2 - 18*d - 9 - d - 18*d - d**3 + 19. What is the hundreds digit of i(-11)?
9
Suppose 0 = 3*c + x - 12, 0 = 2*c + 15*x - 13*x - 12. Suppose -a = 2*t - 7*t - 176, 15 = c*t. Let o = a - 110. What is the units digit of o?
1
Let r(x) = -x**2 + 12. Let w be r(-3). Suppose 406 = w*a + 3*s - 1904, -2*a + 1528 = 5*s. What is the units digit of a?
4
Let t(g) = -340*g - 67. Let u(a) = -1016*a - 202. Let q(o) = -7*t(o) + 2*u(o). What is the tens digit of q